{"id":123594,"date":"2024-07-23T12:54:40","date_gmt":"2024-07-23T10:54:40","guid":{"rendered":"https:\/\/www.staffoniarredamenti.it\/?post_type=portfolio&#038;p=123594"},"modified":"2024-08-07T11:10:30","modified_gmt":"2024-08-07T09:10:30","slug":"vitra","status":"publish","type":"portfolio","link":"https:\/\/www.staffoniarredamenti.it\/de\/rivenditore\/vitra\/","title":{"rendered":"Vitra"},"content":{"rendered":"","protected":false},"excerpt":{"rendered":"<p>Vitra ist davon \u00fcberzeugt, dass die Umgebung unsere Gedanken und Gef\u00fchle pr\u00e4gt, sowohl zu Hause und am Arbeitsplatz als auch auf Reisen. Das Unternehmen arbeitet jeden Tag daran, die Umwelt um uns herum durch die Kraft des Designs zu verbessern. Als Familienunternehmen in der dritten Generation verfolgt Vitra eine \u00f6kologische, kulturelle und kommerzielle Mission.<\/p>\n<p>Entdecken Sie die Vitra-Kollektion im Ausstellungsraum von Staffoni Arredamenti, dem offiziellen H\u00e4ndler.<\/p>\n","protected":false},"author":1,"featured_media":120652,"parent":0,"menu_order":0,"comment_status":"open","ping_status":"open","template":"","meta":{"footnotes":""},"portfolio_category":[305,306,308,311],"class_list":["post-123594","portfolio","type-portfolio","status-publish","has-post-thumbnail","hentry","portfolio_category-markennamen","portfolio_category-wohnen","portfolio_category-erganzungen","portfolio_category-buro"],"yoast_head":"<!-- This site is optimized with the Yoast SEO plugin v26.3 - https:\/\/yoast.com\/wordpress\/plugins\/seo\/ -->\n<title>Vitra - Staffoni Arredamenti<\/title>\n<meta name=\"robots\" content=\"index, follow, max-snippet:-1, max-image-preview:large, max-video-preview:-1\" \/>\n<link rel=\"canonical\" href=\"https:\/\/www.staffoniarredamenti.it\/de\/rivenditore\/vitra\/\" \/>\n<meta property=\"og:locale\" content=\"de_DE\" \/>\n<meta property=\"og:type\" content=\"article\" \/>\n<meta property=\"og:title\" content=\"Vitra - Staffoni Arredamenti\" \/>\n<meta property=\"og:description\" content=\"Vitra ist davon \u00fcberzeugt, dass die Umgebung unsere Gedanken und Gef\u00fchle pr\u00e4gt, sowohl zu Hause und am Arbeitsplatz als auch auf Reisen. Das Unternehmen arbeitet jeden Tag daran, die Umwelt um uns herum durch die Kraft des Designs zu verbessern. Als Familienunternehmen in der dritten Generation verfolgt Vitra eine \u00f6kologische, kulturelle und kommerzielle Mission.  Entdecken Sie die Vitra-Kollektion im Ausstellungsraum von Staffoni Arredamenti, dem offiziellen H\u00e4ndler.\" \/>\n<meta property=\"og:url\" content=\"https:\/\/www.staffoniarredamenti.it\/de\/rivenditore\/vitra\/\" \/>\n<meta property=\"og:site_name\" content=\"Staffoni Arredamenti\" \/>\n<meta property=\"article:modified_time\" content=\"2024-08-07T09:10:30+00:00\" \/>\n<meta property=\"og:image\" content=\"http:\/\/www.staffoniarredamenti.it\/wp-content\/uploads\/2023\/06\/PoltronaFrau3-2.jpg\" \/>\n\t<meta property=\"og:image:width\" content=\"1620\" \/>\n\t<meta property=\"og:image:height\" content=\"1080\" \/>\n\t<meta property=\"og:image:type\" content=\"image\/jpeg\" \/>\n<meta name=\"twitter:card\" content=\"summary_large_image\" \/>\n<meta name=\"twitter:label1\" content=\"Gesch\u00e4tzte Lesezeit\" \/>\n\t<meta name=\"twitter:data1\" content=\"1\u00a0Minute\" \/>\n<script type=\"application\/ld+json\" class=\"yoast-schema-graph\">{\"@context\":\"https:\/\/schema.org\",\"@graph\":[{\"@type\":\"WebPage\",\"@id\":\"https:\/\/www.staffoniarredamenti.it\/de\/rivenditore\/vitra\/\",\"url\":\"https:\/\/www.staffoniarredamenti.it\/de\/rivenditore\/vitra\/\",\"name\":\"Vitra - Staffoni Arredamenti\",\"isPartOf\":{\"@id\":\"https:\/\/www.staffoniarredamenti.it\/de\/#website\"},\"primaryImageOfPage\":{\"@id\":\"https:\/\/www.staffoniarredamenti.it\/de\/rivenditore\/vitra\/#primaryimage\"},\"image\":{\"@id\":\"https:\/\/www.staffoniarredamenti.it\/de\/rivenditore\/vitra\/#primaryimage\"},\"thumbnailUrl\":\"https:\/\/www.staffoniarredamenti.it\/wp-content\/uploads\/2023\/06\/PoltronaFrau3-2.jpg\",\"datePublished\":\"2024-07-23T10:54:40+00:00\",\"dateModified\":\"2024-08-07T09:10:30+00:00\",\"breadcrumb\":{\"@id\":\"https:\/\/www.staffoniarredamenti.it\/de\/rivenditore\/vitra\/#breadcrumb\"},\"inLanguage\":\"de\",\"potentialAction\":[{\"@type\":\"ReadAction\",\"target\":[\"https:\/\/www.staffoniarredamenti.it\/de\/rivenditore\/vitra\/\"]}]},{\"@type\":\"ImageObject\",\"inLanguage\":\"de\",\"@id\":\"https:\/\/www.staffoniarredamenti.it\/de\/rivenditore\/vitra\/#primaryimage\",\"url\":\"https:\/\/www.staffoniarredamenti.it\/wp-content\/uploads\/2023\/06\/PoltronaFrau3-2.jpg\",\"contentUrl\":\"https:\/\/www.staffoniarredamenti.it\/wp-content\/uploads\/2023\/06\/PoltronaFrau3-2.jpg\",\"width\":1620,\"height\":1080},{\"@type\":\"BreadcrumbList\",\"@id\":\"https:\/\/www.staffoniarredamenti.it\/de\/rivenditore\/vitra\/#breadcrumb\",\"itemListElement\":[{\"@type\":\"ListItem\",\"position\":1,\"name\":\"Home\",\"item\":\"https:\/\/www.staffoniarredamenti.it\/de\/home\/\"},{\"@type\":\"ListItem\",\"position\":2,\"name\":\"Rivenditore\",\"item\":\"https:\/\/www.staffoniarredamenti.it\/de\/rivenditore\/\"},{\"@type\":\"ListItem\",\"position\":3,\"name\":\"Vitra\"}]},{\"@type\":\"WebSite\",\"@id\":\"https:\/\/www.staffoniarredamenti.it\/de\/#website\",\"url\":\"https:\/\/www.staffoniarredamenti.it\/de\/\",\"name\":\"Staffoni Arredamenti\",\"description\":\"Showroom mobili di design\",\"potentialAction\":[{\"@type\":\"SearchAction\",\"target\":{\"@type\":\"EntryPoint\",\"urlTemplate\":\"https:\/\/www.staffoniarredamenti.it\/de\/?s={search_term_string}\"},\"query-input\":{\"@type\":\"PropertyValueSpecification\",\"valueRequired\":true,\"valueName\":\"search_term_string\"}}],\"inLanguage\":\"de\"}]}<\/script>\n<!-- \/ Yoast SEO plugin. -->","yoast_head_json":{"title":"Vitra - Staffoni Arredamenti","robots":{"index":"index","follow":"follow","max-snippet":"max-snippet:-1","max-image-preview":"max-image-preview:large","max-video-preview":"max-video-preview:-1"},"canonical":"https:\/\/www.staffoniarredamenti.it\/de\/rivenditore\/vitra\/","og_locale":"de_DE","og_type":"article","og_title":"Vitra - Staffoni Arredamenti","og_description":"Vitra ist davon \u00fcberzeugt, dass die Umgebung unsere Gedanken und Gef\u00fchle pr\u00e4gt, sowohl zu Hause und am Arbeitsplatz als auch auf Reisen. Das Unternehmen arbeitet jeden Tag daran, die Umwelt um uns herum durch die Kraft des Designs zu verbessern. Als Familienunternehmen in der dritten Generation verfolgt Vitra eine \u00f6kologische, kulturelle und kommerzielle Mission.  Entdecken Sie die Vitra-Kollektion im Ausstellungsraum von Staffoni Arredamenti, dem offiziellen H\u00e4ndler.","og_url":"https:\/\/www.staffoniarredamenti.it\/de\/rivenditore\/vitra\/","og_site_name":"Staffoni Arredamenti","article_modified_time":"2024-08-07T09:10:30+00:00","og_image":[{"width":1620,"height":1080,"url":"http:\/\/www.staffoniarredamenti.it\/wp-content\/uploads\/2023\/06\/PoltronaFrau3-2.jpg","type":"image\/jpeg"}],"twitter_card":"summary_large_image","twitter_misc":{"Gesch\u00e4tzte Lesezeit":"1\u00a0Minute"},"schema":{"@context":"https:\/\/schema.org","@graph":[{"@type":"WebPage","@id":"https:\/\/www.staffoniarredamenti.it\/de\/rivenditore\/vitra\/","url":"https:\/\/www.staffoniarredamenti.it\/de\/rivenditore\/vitra\/","name":"Vitra - Staffoni Arredamenti","isPartOf":{"@id":"https:\/\/www.staffoniarredamenti.it\/de\/#website"},"primaryImageOfPage":{"@id":"https:\/\/www.staffoniarredamenti.it\/de\/rivenditore\/vitra\/#primaryimage"},"image":{"@id":"https:\/\/www.staffoniarredamenti.it\/de\/rivenditore\/vitra\/#primaryimage"},"thumbnailUrl":"https:\/\/www.staffoniarredamenti.it\/wp-content\/uploads\/2023\/06\/PoltronaFrau3-2.jpg","datePublished":"2024-07-23T10:54:40+00:00","dateModified":"2024-08-07T09:10:30+00:00","breadcrumb":{"@id":"https:\/\/www.staffoniarredamenti.it\/de\/rivenditore\/vitra\/#breadcrumb"},"inLanguage":"de","potentialAction":[{"@type":"ReadAction","target":["https:\/\/www.staffoniarredamenti.it\/de\/rivenditore\/vitra\/"]}]},{"@type":"ImageObject","inLanguage":"de","@id":"https:\/\/www.staffoniarredamenti.it\/de\/rivenditore\/vitra\/#primaryimage","url":"https:\/\/www.staffoniarredamenti.it\/wp-content\/uploads\/2023\/06\/PoltronaFrau3-2.jpg","contentUrl":"https:\/\/www.staffoniarredamenti.it\/wp-content\/uploads\/2023\/06\/PoltronaFrau3-2.jpg","width":1620,"height":1080},{"@type":"BreadcrumbList","@id":"https:\/\/www.staffoniarredamenti.it\/de\/rivenditore\/vitra\/#breadcrumb","itemListElement":[{"@type":"ListItem","position":1,"name":"Home","item":"https:\/\/www.staffoniarredamenti.it\/de\/home\/"},{"@type":"ListItem","position":2,"name":"Rivenditore","item":"https:\/\/www.staffoniarredamenti.it\/de\/rivenditore\/"},{"@type":"ListItem","position":3,"name":"Vitra"}]},{"@type":"WebSite","@id":"https:\/\/www.staffoniarredamenti.it\/de\/#website","url":"https:\/\/www.staffoniarredamenti.it\/de\/","name":"Staffoni Arredamenti","description":"Showroom mobili di design","potentialAction":[{"@type":"SearchAction","target":{"@type":"EntryPoint","urlTemplate":"https:\/\/www.staffoniarredamenti.it\/de\/?s={search_term_string}"},"query-input":{"@type":"PropertyValueSpecification","valueRequired":true,"valueName":"search_term_string"}}],"inLanguage":"de"}]}},"_links":{"self":[{"href":"https:\/\/www.staffoniarredamenti.it\/de\/wp-json\/wp\/v2\/portfolio\/123594","targetHints":{"allow":["GET"]}}],"collection":[{"href":"https:\/\/www.staffoniarredamenti.it\/de\/wp-json\/wp\/v2\/portfolio"}],"about":[{"href":"https:\/\/www.staffoniarredamenti.it\/de\/wp-json\/wp\/v2\/types\/portfolio"}],"author":[{"embeddable":true,"href":"https:\/\/www.staffoniarredamenti.it\/de\/wp-json\/wp\/v2\/users\/1"}],"replies":[{"embeddable":true,"href":"https:\/\/www.staffoniarredamenti.it\/de\/wp-json\/wp\/v2\/comments?post=123594"}],"version-history":[{"count":2,"href":"https:\/\/www.staffoniarredamenti.it\/de\/wp-json\/wp\/v2\/portfolio\/123594\/revisions"}],"predecessor-version":[{"id":123621,"href":"https:\/\/www.staffoniarredamenti.it\/de\/wp-json\/wp\/v2\/portfolio\/123594\/revisions\/123621"}],"wp:featuredmedia":[{"embeddable":true,"href":"https:\/\/www.staffoniarredamenti.it\/de\/wp-json\/wp\/v2\/media\/120652"}],"wp:attachment":[{"href":"https:\/\/www.staffoniarredamenti.it\/de\/wp-json\/wp\/v2\/media?parent=123594"}],"wp:term":[{"taxonomy":"portfolio_category","embeddable":true,"href":"https:\/\/www.staffoniarredamenti.it\/de\/wp-json\/wp\/v2\/portfolio_category?post=123594"}],"curies":[{"name":"wp","href":"https:\/\/api.w.org\/{rel}","templated":true}]}}

<p>Vitra ist davon überzeugt, dass die Umgebung unsere Gedanken und Gefühle prägt, sowohl zu Hause und am Arbeitsplatz als auch auf Reisen. Das Unternehmen arbeitet jeden Tag daran, die Umwelt um uns herum durch die Kraft des Designs zu verbessern. Als Familienunternehmen in der dritten Generation verfolgt Vitra eine ökologische, kulturelle und kommerzielle Mission.</p>
<p>Entdecken Sie die Vitra-Kollektion im Ausstellungsraum von Staffoni Arredamenti, dem offiziellen Händler.</p>

<!-- This site is optimized with the Yoast SEO plugin v26.3 - https://yoast.com/wordpress/plugins/seo/ -->
<title>Vitra - Staffoni Arredamenti</title>
<meta name="robots" content="index, follow, max-snippet:-1, max-image-preview:large, max-video-preview:-1" />
<link rel="canonical" href="https://www.staffoniarredamenti.it/de/rivenditore/vitra/" />
<meta property="og:locale" content="de_DE" />
<meta property="og:type" content="article" />
<meta property="og:title" content="Vitra - Staffoni Arredamenti" />
<meta property="og:description" content="Vitra ist davon überzeugt, dass die Umgebung unsere Gedanken und Gefühle prägt, sowohl zu Hause und am Arbeitsplatz als auch auf Reisen. Das Unternehmen arbeitet jeden Tag daran, die Umwelt um uns herum durch die Kraft des Designs zu verbessern. Als Familienunternehmen in der dritten Generation verfolgt Vitra eine ökologische, kulturelle und kommerzielle Mission.  Entdecken Sie die Vitra-Kollektion im Ausstellungsraum von Staffoni Arredamenti, dem offiziellen Händler." />
<meta property="og:url" content="https://www.staffoniarredamenti.it/de/rivenditore/vitra/" />
<meta property="og:site_name" content="Staffoni Arredamenti" />
<meta property="article:modified_time" content="2024-08-07T09:10:30+00:00" />
<meta property="og:image" content="http://www.staffoniarredamenti.it/wp-content/uploads/2023/06/PoltronaFrau3-2.jpg" />
	<meta property="og:image:width" content="1620" />
	<meta property="og:image:height" content="1080" />
	<meta property="og:image:type" content="image/jpeg" />
<meta name="twitter:card" content="summary_large_image" />
<meta name="twitter:label1" content="Geschätzte Lesezeit" />
	<meta name="twitter:data1" content="1 Minute" />
<script type="application/ld+json" class="yoast-schema-graph">{"@context":"https://schema.org","@graph":[{"@type":"WebPage","@id":"https://www.staffoniarredamenti.it/de/rivenditore/vitra/","url":"https://www.staffoniarredamenti.it/de/rivenditore/vitra/","name":"Vitra - Staffoni Arredamenti","isPartOf":{"@id":"https://www.staffoniarredamenti.it/de/#website"},"primaryImageOfPage":{"@id":"https://www.staffoniarredamenti.it/de/rivenditore/vitra/#primaryimage"},"image":{"@id":"https://www.staffoniarredamenti.it/de/rivenditore/vitra/#primaryimage"},"thumbnailUrl":"https://www.staffoniarredamenti.it/wp-content/uploads/2023/06/PoltronaFrau3-2.jpg","datePublished":"2024-07-23T10:54:40+00:00","dateModified":"2024-08-07T09:10:30+00:00","breadcrumb":{"@id":"https://www.staffoniarredamenti.it/de/rivenditore/vitra/#breadcrumb"},"inLanguage":"de","potentialAction":[{"@type":"ReadAction","target":["https://www.staffoniarredamenti.it/de/rivenditore/vitra/"]}]},{"@type":"ImageObject","inLanguage":"de","@id":"https://www.staffoniarredamenti.it/de/rivenditore/vitra/#primaryimage","url":"https://www.staffoniarredamenti.it/wp-content/uploads/2023/06/PoltronaFrau3-2.jpg","contentUrl":"https://www.staffoniarredamenti.it/wp-content/uploads/2023/06/PoltronaFrau3-2.jpg","width":1620,"height":1080},{"@type":"BreadcrumbList","@id":"https://www.staffoniarredamenti.it/de/rivenditore/vitra/#breadcrumb","itemListElement":[{"@type":"ListItem","position":1,"name":"Home","item":"https://www.staffoniarredamenti.it/de/home/"},{"@type":"ListItem","position":2,"name":"Rivenditore","item":"https://www.staffoniarredamenti.it/de/rivenditore/"},{"@type":"ListItem","position":3,"name":"Vitra"}]},{"@type":"WebSite","@id":"https://www.staffoniarredamenti.it/de/#website","url":"https://www.staffoniarredamenti.it/de/","name":"Staffoni Arredamenti","description":"Showroom mobili di design","potentialAction":[{"@type":"SearchAction","target":{"@type":"EntryPoint","urlTemplate":"https://www.staffoniarredamenti.it/de/?s={search_term_string}"},"query-input":{"@type":"PropertyValueSpecification","valueRequired":true,"valueName":"search_term_string"}}],"inLanguage":"de"}]}</script>
<!-- / Yoast SEO plugin. -->

Vitra ist davon überzeugt, dass die Umgebung unsere Gedanken und Gefühle prägt, sowohl zu Hause und am Arbeitsplatz als auch auf Reisen. Das Unternehmen arbeitet jeden Tag daran, die Umwelt um uns herum durch die Kraft des Designs zu verbessern. Als Familienunternehmen in der dritten Generation verfolgt Vitra eine ökologische, kulturelle und kommerzielle Mission.  Entdecken Sie die Vitra-Kollektion im Ausstellungsraum von Staffoni Arredamenti, dem offiziellen Händler.
